t is the highest common factor of 1707 and 4?
1
Calculate the highest common divisor of 1303080 and 120.
120
What is the greatest common factor of 654 and 6?
6
Calculate the highest common divisor of 262174 and 170.
34
What is the greatest common factor of 38127 and 497?
71
Calculate the highest common divisor of 279 and 23901.
93
Calculate the highest common divisor of 18186 and 252.
42
Calculate the greatest common divisor of 1172598 and 42.
42
What is the highest common divisor of 1072 and 161738?
134
Calculate the greatest common factor of 1360 and 46000.
80
What is the greatest common divisor of 2673114 and 1241?
1241
Calculate the highest common factor of 2090 and 203585.
95
What is the greatest common factor of 280 and 2752120?
280
What is the highest common factor of 6 and 739257?
3
What is the highest common divisor of 14467 and 111?
37
What is the highest common divisor of 602 and 21113?
43
Calculate the highest common divisor of 88 and 56793.
11
Calculate the greatest common divisor of 240129 and 27.
9
Calculate the highest common divisor of 10212 and 18768.
276
What is the highest common divisor of 1782 and 110286?
198
Calculate the highest common divisor of 568 and 113742.
142
What is the greatest common factor of 60 and 1168260?
60
Calculate the greatest common factor of 2667 and 4767.
21
Calculate the highest common divisor of 396 and 27148.
44
What is the highest common divisor of 12604 and 552?
92
What is the greatest common divisor of 1819 and 9844?
107
Calculate the highest common factor of 812490 and 231.
21
What is the highest common divisor of 10432 and 640?
64
What is the highest common factor of 243 and 1655073?
243
What is the greatest common factor of 17500 and 20888?
28
What is the highest common divisor of 468 and 45?
9
Calculate the greatest common divisor of 368 and 192556.
92
What is the highest common divisor of 1120 and 360220?
140
What is the greatest common divisor of 128004 and 12?
12
What is the highest common divisor of 246950 and 15400?
550
Calculate the greatest common divisor of 5819 and 43907.
529
What is the greatest common factor of 186 and 599943?
93
Calculate the highest common factor of 136021 and 19.
19
What is the greatest common factor of 2904 and 1674?
6
Calculate the highest common divisor of 243105 and 285.
285
Calculate the greatest common factor of 136 and 4981.
17
Calculate the highest common factor of 102416 and 370.
74
What is the highest common factor of 475218 and 306?
306
What is the greatest common factor of 165 and 332805?
165
What is the highest common factor of 115 and 118565?
115
Calculate the highest common factor of 6636936 and 408.
408
Calculate the highest common divisor of 1552 and 166992.
16
Calculate the greatest common factor of 67640 and 1900.
380
Calculate the greatest common factor of 1356 and 358662.
678
Calculate the highest common factor of 98730 and 70.
10
Calculate the greatest common divisor of 4830 and 133170.
690
Calculate the greatest common divisor of 26092 and 1364.
44
Calculate the greatest common divisor of 1370 and 2507785.
685
What is the greatest common factor of 28 and 142156?
28
Calculate the greatest common divisor of 90 and 695340.
90
Calculate the highest common factor of 432 and 15957.
27
What is the greatest common factor of 144 and 28008?
72
Calculate the highest common divisor of 810 and 310.
10
Calculate the highest common divisor of 24961548 and 12.
12
What is the highest common factor of 1007950 and 2850?
950
Calculate the highest common divisor of 8760 and 16230.
30
Calculate the greatest common factor of 208522 and 646.
34
Calculate the greatest common factor of 90044 and 32.
4
Calculate the greatest common factor of 14315 and 455.
35
Calculate the greatest common divisor of 951223 and 91.
91
What is the greatest common divisor of 1781 and 2509?
13
What is the greatest common divisor of 69700 and 40?
20
What is the highest common divisor of 18 and 4134?
6
What is the greatest common divisor of 7832 and 64152?
88
Calculate the greatest common factor of 370 and 131350.
370
Calculate the greatest common divisor of 2522 and 24638.
194
Calculate the highest common divisor of 52240 and 240.
80
Calculate the highest common factor of 86730 and 24990.
1470
What is the highest common factor of 408 and 226950?
102
Calculate the highest common factor of 353 and 580685.
353
Calculate the greatest common divisor of 6294543 and 2868.
717
Calculate the highest common factor of 3270 and 90.
30
Calculate the highest common divisor of 248 and 10478.
62
What is the highest common factor of 13656 and 9408?
24
What is the highest common factor of 1166 and 519453?
583
Calculate the highest common factor of 2816 and 66.
22
What is the highest common divisor of 5904 and 4264?
328
What is the greatest common factor of 1169 and 54275?
167
Calculate the greatest common divisor of 486 and 198126.
162
What is the highest common divisor of 470 and 74730?
470
What is the highest common factor of 70 and 64722?
14
Calculate the greatest common divisor of 4341 and 3930.
3
What is the greatest common factor of 231651 and 84?
21
What is the highest common divisor of 3160384 and 192?
64
Calculate the highest common factor of 54 and 6294.
6
What is the highest common factor of 64 and 91960?
8
Calculate the greatest common factor of 35200 and 748.
44
Calculate the highest common divisor of 10625 and 425.
425
What is the greatest common factor of 608034 and 4557?
651
Calculate the greatest common factor of 946 and 20438.
22
What is the greatest common divisor of 20 and 25060?
20
Calculate the highest common divisor of 4284 and 986.
34
Calculate the highest common factor of 276 and 215142.
138
Calculate the highest common divisor of 1539 and 48678.
57
What is the highest common divisor of 1651333 and 657?
73
What is the highest common factor of 617549 and 626?
313
Calculate the greatest common factor of 209 and 79563.
11
What is the greatest common factor of 699 and 36814?
233
What is the highest common factor of 896 and 1229760?
448
Calculate the greatest common divisor of 602 and 75422.
86
What is the greatest common factor of 190750 and 33790?
1090
What is the greatest common factor of 581 and 2?
1
Calculate the highest common factor of 65 and 72397.
13
Calculate the highest common divisor of 96 and 3552576.
96
Calculate the highest common factor of 90 and 41049.
9
What is the greatest common factor of 105855 and 15?
15
What is the highest common divisor of 9847 and 3664?
229
What is the highest common divisor of 3819 and 17100?
57
Calculate the greatest common divisor of 6127665 and 30.
15
Calculate the greatest common factor of 388939 and 131.
131
What is the greatest common divisor of 433 and 6026061?
433
What is the greatest common divisor of 275065 and 5?
5
Calculate the highest common factor of 3479 and 71099.
49
Calculate the greatest common factor of 1312 and 149240.
328
Calculate the highest common factor of 64 and 441448.
8
What is the greatest common divisor of 1537 and 29?
29
What is the greatest common divisor of 84 and 393108?
12
What is the greatest common factor of 572 and 16276?
52
Calculate the highest common factor of 1255958 and 22.
22
What is the highest common divisor of 106 and 897661?
53
Calculate the highest common factor of 7 and 4324481.
7
What is the highest common divisor of 149 and 154066?
149
Calculate the greatest common divisor of 165 and 719961.
33
Calculate the highest common factor of 40 and 57416.
8
What is the greatest common divisor of 799 and 13019?
47
What is the highest common divisor of 133281 and 18825?
753
Calculate the greatest common divisor of 976104 and 1512.
216
What is the greatest common factor of 24 and 68448?
24
What is the greatest common factor of 1478646 and 267?
267
Calculate the greatest common divisor of 36693 and 2265.
453
What is the greatest common divisor of 33 and 2629?
11
Calculate the greatest common factor of 124395 and 15.
15
Calculate the highest common divisor of 9 and 157239.
9
What is the highest common factor of 1283964 and 924?
132
What is the highest common divisor of 6611 and 1375?
11
Calculate the greatest common factor of 3 and 2836.
1
What is the greatest common divisor of 1470 and 26040?
210
